*t = -6. What is the remainder when 5 is divided by o?
1
Let v = 122 - 43. Calculate the remainder when v is divided by 29.
21
Let l = -18 + 25. Let y = l + 0. Calculate the remainder when 20 is divided by y.
6
Let o be (-2)/(-3) + (-8)/12. Suppose 20 = 2*b + 2*i, o*b + 5*b = i + 68. Let t = b + 4. What is the remainder when t is divided by 9?
8
Let z(h) = -11*h**3 + h**2 + 2*h + 2. Let r be z(-2). Suppose 4*y - 14 = r. Let x = -24 - -31. What is the remainder when y is divided by x?
5
Suppose 30 = -4*c - 30. Calculate the remainder when 9 is divided by (32/(-20))/(6/c).
1
Suppose 0 = -2*q + 6*q - 3*d - 31, q + 3*d = -11. Suppose -15 = 3*u - q*u. What is the remainder when 58 is divided by u?
13
Let a(p) be the first derivative of 2 + p**3 - 3*p - 3/2*p**2. What is the remainder when a(3) is divided by 9?
6
Suppose -17 = 2*x - 131. Let c(y) = -y**3 - y**2 + 9*y + 3. What is the remainder when x is divided by c(-4)?
12
Let n = 1 - 4. Let m = 3 + n. Calculate the remainder when 14 is divided by m + 7 + 0 + -2.
4
Suppose 2*z = -4*x + 46, -24 = -5*x + 3*z + 28. Let p be 15/(-3)*(-1 - 2). What is the remainder when x is divided by (-3)/((p/4)/(-5))?
3
Suppose -2*b + n - 60 = 84, 5*b + 360 = -5*n. Let c = -33 - b. Calculate the remainder when c is divided by 10.
9
Suppose i = -5*n + 68, -i - n = -48 - 0. Calculate the remainder when i is divided by 11.
10
Suppose 0 = -2*s - s + 495. Suppose 0 = -3*j + s. Suppose 0*g - 5*g = -j. What is the remainder when 41 is divided by g?
8
Suppose 6*s + 3*l - 66 = 3*s, 3*s = 4*l + 38. Let d = -8 + s. Let k = d - -15. What is the remainder when k is divided by 9?
7
Let g be 3/2*40/12. Suppose -m = -2*f - 17, -g*f = m - 9*f - 15. What is the remainder when 36 is divided by m?
17
Let n be 2/4 + (-8)/16. Suppose -10 = -q - n. What is the remainder when 38 is divided by q?
8
Suppose -4*g - 37 = 3*o, -2*g + 0*g - 46 = -4*o. Let a = g - -9. What is the remainder when 33 is divided by 6/9*(-102)/a?
16
Suppose -k + 15 = 3. What is the remainder when k/(-30) - (-1056)/15 is divided by 24?
22
Let u(t) = 59*t - 11. Calculate the remainder when u(2) is divided by 27.
26
Let c = 69 - 41. Suppose -18 = -3*r - 6. Suppose h + 45 = r*h. Calculate the remainder when c is divided by h.
13
Suppose -3*c + 75 = -0*p + 2*p, -4*c + 104 = 4*p. What is the remainder when 112 is divided by c?
20
Suppose 4*b - 38 = 2*h, -5*h + 5*b - 2*b - 102 = 0. Calculate the remainder when 3*2*h/(-18) is divided by 1/((1 - 0)/5).
2
Let k(h) = h**3 + 5*h**2 + 2*h - 5. Suppose -x + b + 9 = x, -3*x + 20 = 5*b. Calculate the remainder when x is divided by k(-4).
2
What is the remainder when 48 is divided by 9/24*26 + (-3)/(-12)?
8
Suppose -16 + 3 = -5*a + b, 4*a + 5*b + 7 = 0. Suppose a*z = 46 - 14. Let d = -10 + 16. What is the remainder when z is divided by d?
4
Let j(k) = -3 - k + 4 - 4. Let m be j(-7). Suppose -n - 8 = 4*v + 10, 0 = m*v + 20. Calculate the remainder when n is divided by 2.
0
Let z = 272 + -267. Calculate the remainder when (-122)/(-5) + (-4)/10 is divided by z.
4
Let k be 190/3 + 8/12. Suppose -5*s + 21 = -k. What is the remainder when s is divided by (-2)/(-3) + (-50)/(-6)?
8
Suppose -3 + 7 = k. Suppose -k*u = -5*n + 12, -2*n - 9 = 3*n + 3*u. Let g = 4 - n. Calculate the remainder when 10 is divided by g.
2
Let h be 0/(((-24)/(-4))/(-3)). Let k(g) = g + 5. What is the remainder when 19 is divided by k(h)?
4
Suppose -5*u - 35 = 5*r, -2*u = -5*r + r - 22. Let t be ((-3)/(r/38))/1. Suppose 2*c - t - 21 = 0. Calculate the remainder when c is divided by 7.
6
Suppose 4434 = 3*o - 4656. What is the remainder when 4/(-14) + o/70 is divided by 11?
10
What is the remainder when 347 is divided by (-1605)/(-55) - 8/44?
28
Suppose 5*p + 20 = j, -2*j + 2 = 3*p + 14. Let z be (-2 - j)*(-14)/4. Let g(r) = r + 3. Calculate the remainder when g(z) is divided by 6.
4
Let w(g) = g**3 + 7*g**2 - 9*g - 5. Let r be w(-8). Suppose -l = 3*h - 341, -r*l - 357 = h - 4*h. Calculate the remainder when 8/12 + h/3 is divided by 20.
19
Let l(c) = -10*c**2 - 6*c. Let s(u) = -10*u**2 - 7*u. Let p = 11 + -6. Let r(b) = p*s(b) - 6*l(b). Calculate the remainder when 16 is divided by r(-1).
7
Suppose -76 = 4*o - 352. Calculate the remainder when o is divided by 14.
13
Let t = 10 - 4. Let f = 102 - 93. What is the remainder when f is divided by t?
3
Suppose s = -4*s. Suppose -3*i - 15 = s, -5*h - i - 5 = -6*i. Let c = h + 38. Calculate the remainder when c is divided by 11.
10
Suppose -2*r - 3 = -3*r. Suppose 2*j + 3*t - t - 74 = 0, 0 = -3*t - r. Let k = j + 0. Calculate the remainder when k is divided by 13.
12
Suppose -3*f + 5*b + 10 = 0, b = 3*f + 2 - 4. Suppose 0 = -3*z - z + 5*r + 101, -4*r - 4 = f. Calculate the remainder when z is divided by 13.
11
What is the remainder when ((-10)/15)/((-4)/258) is divided by 25?
18
Suppose 0 = 5*a - 60 - 50. Let w = -107 + 150. What is the remainder when w is divided by a?
21
Suppose 6 = m - 11. Calculate the remainder when 32 is divided by m.
15
Let b(f) = -2*f**3 - 2*f**2 - 4*f - 3. Let d(t) = -t**3 - 4*t**2 - 4*t - 2. Let g be d(-2). What is the remainder when b(g) is divided by (10/(-3))/(4/(-6))?
3
Calculate the remainder when 61 is divided by 234/30 + (-8)/10.
5
Suppose -2*a = -8*a + 72. Calculate the remainder when 57 is divided by a.
9
Let o = -6 + 111. Suppose -s + 4*s = o. What is the remainder when s is divided by 9?
8
Let s be ((-3)/6)/(1/36). Let d = -9 - s. What is the remainder when 16 is divided by d?
7
Let d(k) = -2*k**3 + 2*k - 1. Let v be d(-2). Suppose -2*b + v = -37. What is the remainder when 46 is divided by b?
22
Suppose -22 = -5*k + 3. Suppose 105 = k*u - 30. Suppose 0 = -m + 3 + 11. Calculate the remainder when u is divided by m.
13
Let u(h) = h**2 + 4*h + 1. Let j be u(-3). Let s be (-2)/(-6)*(1 + -10). What is the remainder when s/(j + -1)*17 is divided by 5?
2
Suppose 0 = 3*m - 24. Calculate the remainder when 21 is divided by m.
5
Let g be 2/2*(-2 + 1). What is the remainder when 21 is divided by (-45)/(-6) + g/(-2)?
5
Let o be (-2 - 0) + (9 - -1). Suppose -r + 3*s = -37, -5*s + 7 = -o. Calculate the remainder when r is divided by 24.
22
Let h(u) = -3*u - u - 4*u - u. What is the remainder when h(-3) is divided by 4*(-1 - (-18)/4)?
13
Let b = 23 - 23. Suppose m - 5*m + 28 = b. What is the remainder when m is divided by 3?
1
Let l be -1*2/(-2 + 4). Let z = l + 3. What is the remainder when 20 is divided by (-2)/2*(z - 9)?
6
Let v(w) = -3*w + 23. What is the remainder when 90 is divided by v(0)?
21
Let o be (-2)/1*(-2 - -49). Suppose -157 = -5*a - 172. What is the remainder when 21 is divided by a/(-12) + o/(-8)?
9
Let z(h) = -9*h. Let j be (0*3/9)/(-2). Calculate the remainder when (1 - j)/((-11)/(-187)) is divided by z(-1).
8
Let n(o) = o**3 - 5*o**2 - 13*o + 6. Calculate the remainder when n(8) is divided by 12.
10
Let v = 58 - 32. Suppose 3*k = 31 + v. Calculate the remainder when (-450)/(-8) - 1/4 is divided by k.
18
Let h be (8/12)/(4/6). Let c(j) = 45*j**3 + j**2 - 2*j + 1. Let x be c(h). Suppose -5*t + 10 + x = 0. Calculate the remainder when 32 is divided by t.
10
Let g(l) = l**2 + 10. Suppose 3*c = 19 - 7. Suppose -2*s + 140 = 3*s + 2*i, 0 = c*i. What is the remainder when s is divided by g(0)?
8
Let c(z) = 9*z**2 - 11*z + 2 - 8 + 0 + z**3. Let v = 8 + -18. What is the remainder when 6 is divided by c(v)?
2
Calculate the remainder when 33 is divided by 102/(-4)*((-4)/6 + 0).
16
Let g be 2/(-1)*(-87)/6. Suppose 5*r = 2*s - 42, 3*s - 21 = r + g. Suppose 4*p = 5*p - 9. What is the remainder when s is divided by p?
7
Let z(b) = b. Let t be z(0). Suppose -6*v + v + 4*q + 45 = t, 4*v = -5*q - 5. Suppose 19 = 4*k - v. What is the remainder when 10 is divided by k?
4
Let p(t) = -21*t - 16. Calculate the remainder when p(-6) is divided by 38.
34
Let j = -1 + 10. Let w be (-6)/j + 2/3. Suppose -2*y + 119 = 3*i - w*y, 2*y - 205 = -5*i. Calculate the remainder when i is divided by 22.
21
Let g(d) = 16*d - 6. Let z be g(4). Calculate the remainder when 24 is divided by z/6 - (-2)/(-3).
6
Suppose 49 + 89 = 2*n - 2*k, 3*n - 5*k - 203 = 0. What is the remainder when n is divided by 37?
34
Let p = -3 - -6. Suppose -4*a + 16 = 0, -2*a = 2*q - p*a. What is the remainder when 3 is divided by q?
1
Let n(g) = -27